{"id":62,"date":"2020-08-09T15:21:29","date_gmt":"2020-08-09T15:21:29","guid":{"rendered":"https:\/\/buergerfuerhaan.de\/?page_id=62"},"modified":"2025-08-25T22:05:12","modified_gmt":"2025-08-25T20:05:12","slug":"spenden","status":"publish","type":"page","link":"https:\/\/buergerfuerhaan.de\/?page_id=62","title":{"rendered":"Spenden"},"content":{"rendered":"\n<p>Die &#8222;B\u00fcrger f\u00fcr Haan &#8211; B\u00fcrger Union&#8220; ist eine unabh\u00e4ngige und demokratische W\u00e4hlergemeinschaft i.S.d. \u00a715 Absatz 1 Kommunalwahlgesetz Nordrhein-Westfalen (KWahlG NW) sowie des \u00a7 34 g Einkommenssteuergesetz (EStG).<\/p>\n\n\n\n<pre class=\"wp-block-verse\">Nach dem Einkommensteuergesetz (EStG) sind Zuwendungen von nat\u00fcrlichen Personen (Spenden, Mandatstr\u00e4ger- und Mitgliedsbeitr\u00e4ge) an politische Parteien wie folgt steuerlich abzugsf\u00e4hig: Zuwendungen bis zu einer H\u00f6he von 1.650,- \u20ac, bei zusammen veranlagten Ehegatten 3.300,- \u20ac j\u00e4hrlich, werden nach dem EStG \u00a7 34 g ber\u00fccksichtigt, indem 50% des zugewendeten Betrages, d.h. max. 825,- \u20ac bzw. 1.650,- \u20ac, von der Steuerschuld abgezogen werden. Au\u00dferdem sind Zuwendungen an politische Parteien bis zu einer H\u00f6he von 1.650,- \u20ac bzw. 3.300,- \u20ac nach dem EStG \u00a7 10 b Absatz 2 steuerlich abzugsf\u00e4hig. Sie k\u00f6nnen als Sonderausgaben geltend gemacht werden, soweit f\u00fcr sie nicht eine Steuererm\u00e4\u00dfigung nach \u00a7 34 g gew\u00e4hrt worden ist.<\/pre>\n\n\n\n<hr class=\"wp-block-separator has-alpha-channel-opacity is-style-wide\"\/>\n\n\n\n<p>Sie k\u00f6nnen uns Ihre Spende direkt \u00fcberweisen: <\/p>\n\n\n\n<p><em>DE29 3035 1220 0091 2037 37<\/em> \/ Kontoinhaber: B\u00fcrger f\u00fcr Haan &#8211; B\u00fcrger Union <\/p>\n\n\n\n<p>Alternativ \u00fcber dieses Onlineformular direkt mit Online-Bezahldiensten:<\/p>\n\n\n<div class='root-data-givewp-embed' data-form-locale='de_DE' data-form-url='https:\/\/buergerfuerhaan.de\/?post_type=give_forms&#038;p=606' data-form-view-url='https:\/\/buergerfuerhaan.de\/?givewp-route=donation-form-view&#038;form-id=606' data-src='https:\/\/buergerfuerhaan.de\/?givewp-route=donation-form-view&#038;form-id=606' data-givewp-embed-id='give-form-shortcode-1' data-form-format='onpage' data-open-form-button='Jetzt spenden' style='--givewp-primary-color: #0b72d9; --givewp-secondary-color: #27ae60;'><\/div>","protected":false},"excerpt":{"rendered":"<p>Die &#8222;B\u00fcrger f\u00fcr Haan &#8211; B\u00fcrger Union&#8220; ist eine unabh\u00e4ngige und demokratische W\u00e4hlergemeinschaft i.S.d. \u00a715 Absatz 1 Kommunalwahlgesetz Nordrhein-Westfalen (KWahlG NW) sowie des \u00a7 34 g Einkommenssteuergesetz (EStG). Nach dem Einkommensteuergesetz (EStG) sind Zuwendungen von nat\u00fcrlichen Personen (Spenden, Mandatstr\u00e4ger- und Mitgliedsbeitr\u00e4ge) an politische Parteien wie folgt steuerlich abzugsf\u00e4hig: Zuwendungen bis zu einer H\u00f6he von 1.650,- [&hellip;]<\/p>\n","protected":false},"author":1,"featured_media":0,"parent":0,"menu_order":0,"comment_status":"closed","ping_status":"closed","template":"","meta":{"saved_in_kubio":true,"give_campaign_id":0,"footnotes":""},"class_list":["post-62","page","type-page","status-publish","hentry"],"kubio_ai_page_context":{"short_desc":"","purpose":"general"},"campaignId":"","jetpack_sharing_enabled":true,"_links":{"self":[{"href":"https:\/\/buergerfuerhaan.de\/index.php?rest_route=\/wp\/v2\/pages\/62","targetHints":{"allow":["GET"]}}],"collection":[{"href":"https:\/\/buergerfuerhaan.de\/index.php?rest_route=\/wp\/v2\/pages"}],"about":[{"href":"https:\/\/buergerfuerhaan.de\/index.php?rest_route=\/wp\/v2\/types\/page"}],"author":[{"embeddable":true,"href":"https:\/\/buergerfuerhaan.de\/index.php?rest_route=\/wp\/v2\/users\/1"}],"replies":[{"embeddable":true,"href":"https:\/\/buergerfuerhaan.de\/index.php?rest_route=%2Fwp%2Fv2%2Fcomments&post=62"}],"version-history":[{"count":3,"href":"https:\/\/buergerfuerhaan.de\/index.php?rest_route=\/wp\/v2\/pages\/62\/revisions"}],"predecessor-version":[{"id":1137,"href":"https:\/\/buergerfuerhaan.de\/index.php?rest_route=\/wp\/v2\/pages\/62\/revisions\/1137"}],"wp:attachment":[{"href":"https:\/\/buergerfuerhaan.de\/index.php?rest_route=%2Fwp%2Fv2%2Fmedia&parent=62"}],"curies":[{"name":"wp","href":"https:\/\/api.w.org\/{rel}","templated":true}]}}